prime factors of 3336920948.
2, 4861, 171617
What are the prime factors of 526387360?
2, 5, 1031, 3191
What are the prime factors of 274904293?
19, 107, 135221
List the prime factors of 21675505.
5, 67, 89, 727
List the prime factors of 702429006.
2, 3, 47, 199, 12517
What are the prime factors of 151074247?
61, 127, 19501
List the prime factors of 14614151.
683, 21397
List the prime factors of 1654656873.
3, 53, 263, 39569
What are the prime factors of 25411221?
3, 11, 29, 53, 167
What are the prime factors of 10704394?
2, 5352197
List the prime factors of 133636134.
2, 3, 47, 473887
What are the prime factors of 917893632?
2, 3, 31, 37, 521
List the prime factors of 48039979.
13, 29, 79, 1613
List the prime factors of 517339261.
223, 2319907
List the prime factors of 112323515.
5, 22464703
List the prime factors of 713734168.
2, 7, 647, 19699
List the prime factors of 160413026.
2, 137, 307, 1907
What are the prime factors of 15442013?
15442013
List the prime factors of 1101983853.
3, 3701, 99251
What are the prime factors of 87323141?
87323141
What are the prime factors of 3948100042?
2, 1974050021
What are the prime factors of 2515235913?
3, 37, 919, 8219
List the prime factors of 1008060867.
3, 11, 1021, 9973
List the prime factors of 31339749.
3, 7, 29, 51461
List the prime factors of 619401268.
2, 41, 3776837
List the prime factors of 33918808.
2, 7, 11, 17, 41, 79
List the prime factors of 861447964.
2, 13, 31, 173, 3089
What are the prime factors of 6566449436?
2, 67, 113, 216829
List the prime factors of 394446162.
2, 3, 11, 113, 52889
List the prime factors of 13010743.
2287, 5689
List the prime factors of 72714302.
2, 2081, 17471
List the prime factors of 130564260.
2, 3, 5, 725357
What are the prime factors of 14226975?
3, 5, 7, 3011
What are the prime factors of 69449732?
2, 11, 151, 10453
List the prime factors of 17338699.
7, 431, 821
What are the prime factors of 20927272?
2, 17, 153877
What are the prime factors of 9639400?
2, 5, 48197
What are the prime factors of 6537882293?
29, 5059, 44563
List the prime factors of 189543881.
189543881
What are the prime factors of 33147335?
5, 13, 509959
List the prime factors of 124076338.
2, 62038169
What are the prime factors of 8128861867?
7, 103, 11274427
What are the prime factors of 206962583?
1033, 200351
List the prime factors of 2354236541.
43, 293, 186859
List the prime factors of 7539601.
37, 203773
What are the prime factors of 32637811?
37, 882103
List the prime factors of 132847119.
3, 137, 163, 661
What are the prime factors of 4198004?
2, 43, 24407
What are the prime factors of 1263371506?
2, 22063, 28631
List the prime factors of 124345517.
2749, 45233
What are the prime factors of 247081060?
2, 5, 17, 823, 883
List the prime factors of 31454514.
2, 3, 7, 13, 37, 173
List the prime factors of 383424722.
2, 43, 109, 40903
List the prime factors of 1425973585.
5, 71, 4016827
List the prime factors of 376557331.
61, 6173071
What are the prime factors of 40915755?
3, 5, 909239
List the prime factors of 29219965.
5, 29, 201517
What are the prime factors of 1000050883?
13, 19, 181, 22369
List the prime factors of 1100120050.
2, 5, 283, 77747
What are the prime factors of 6160143337?
23, 267832319
What are the prime factors of 41952313?
13, 809, 3989
List the prime factors of 60304067.
60304067
What are the prime factors of 784696917?
3, 261565639
List the prime factors of 28008737.
4787, 5851
What are the prime factors of 236744595?
3, 5, 151, 34841
List the prime factors of 708000437.
5273, 134269
List the prime factors of 121267658.
2, 60633829
List the prime factors of 60802120.
2, 5, 557, 2729
List the prime factors of 261323779.
17, 15371987
What are the prime factors of 1766970121?
7, 307, 822229
List the prime factors of 3253149190.
2, 5, 409, 643, 1237
List the prime factors of 80592073.
29, 73, 38069
What are the prime factors of 703519677?
3, 7, 607, 18397
List the prime factors of 38493272.
2, 4811659
What are the prime factors of 5846817944?
2, 11, 66441113
List the prime factors of 59200580.
2, 5, 19, 83, 1877
List the prime factors of 1139847114.
2, 3, 7, 347, 11173
List the prime factors of 65431756.
2, 13, 1258303
List the prime factors of 52082837.
61, 13997
List the prime factors of 16265762.
2, 31, 262351
What are the prime factors of 108930201?
3, 61, 595247
What are the prime factors of 682054695?
3, 5, 7, 73, 9887
What are the prime factors of 21168205?
5, 89, 47569
List the prime factors of 2773598323.
2773598323
What are the prime factors of 18521041?
7, 11, 17, 14149
What are the prime factors of 982691212?
2, 43, 61, 229, 409
What are the prime factors of 98999289?
3, 107, 223, 461
What are the prime factors of 94173797?
641, 146917
What are the prime factors of 214299762?
2, 3, 467, 76481
List the prime factors of 9098222.
2, 7, 263, 353
What are the prime factors of 1309917792?
2, 3, 2467, 5531
What are the prime factors of 4598580436?
2, 103, 11161603
List the prime factors of 736329300.
2, 3, 5, 7, 521, 673
What are the prime factors of 3205790650?
2, 5, 239, 268267
What are the prime factors of 1059007851?
3, 11, 36017
List the prime factors of 325830843.
3, 13, 37, 8363
What are the prime factors of 100564340?
2, 5, 19, 264643
What are the prime factors of 264928060?
2, 5, 41, 323083
What are the prime factors of 14773835?
5, 67, 44101
List the prime factors of 1306022544.
2, 3, 1213, 7477
What are the prime factors of 80499732?
2, 3, 19, 353069
List the prime factors of 2253118723.
2253118723
What are the prime factors of 45526274?
2, 22763137
List the prime factors of 83107379.
6961, 11939
List the prime factors of 1232104502.
2, 616052251
List the prime factors of 75657677.
19, 1129, 3527
What are the prime factors of 160075687?
113, 521, 2719
What are the prime factors of 20005894?
2, 379, 26393
List the prime factors of 1646205646.
2, 823102823
List the prime factors of 1524217277.
11, 431, 2657
List the prime factors of 554987674.
2, 29, 329957
List the prime factors of 160980411.
3, 4813, 11149
What are the prime factors of 142623774?
2, 3, 1303, 2027
What are the prime factors of 128253459?
3, 47, 909599
List the prime factors of 9466165045.
5, 89, 103, 206527
What are the prime factors of 1321163274?
2, 3, 220193879
What are the prime factors of 2732109519?
3, 59, 15435647
What are the prime factors of 224235047?
29, 683, 11321
What are the prime factors of 397807820?
2, 5, 17, 1170023
What are the prime factors of 307674463?
137, 2245799
What are the prime factors of 99642846?
2, 3, 16607141
What are the prime factors of 188191507?
7, 1153, 3331
List the prime factors of 108960358.
2, 13, 67, 62549
List the prime factors of 426122600.
2, 5, 2130613
What are the prime factors of 51232997?
4051, 12647
List the prime factors of 192364704.
2, 3, 7, 95419
What are the prime factors of 8833933?
8833933
List the prime factors of 68351660.
2, 5, 13, 151, 1741
List the prime factors of 112566165.
3, 5, 19, 394969
What are the prime factors of 42386095?
5, 8477219
List the prime factors of 13626530.
2, 5, 1362653
What are the prime factors of 36093659?
7, 5156237
List the prime factors of 4460965428.
2, 3, 1871, 198689
List the prime factors of 50242386.
2, 3, 8373731
List the prime factors of 625896.
2, 3, 8693
List the prime factors of 11815646.
2, 17, 347519
What are the prime factors of 2586386494?
2, 17, 76070191
List the prime factors of 3766770571.
59, 63843569
List the prime factors of 5083695627.
3, 239, 7090231
What are the prime factors of 90701471?
7, 41, 316033
What are the prime factors of 52498015?
5, 179, 58657
List the prime factors of 40231062.
2, 3, 29, 37, 2083
What are the prime factors of 2791543310?
2, 5, 17, 149, 191, 577
List the prime factors of 6861986.
2, 109, 31477
What are the prime factors of 432387250?
2, 5, 53, 32633
List the prime factors of 341477296.
2, 21342331
List the prime factors of 116128575.
3, 5, 516127
What are the prime factors of 9557740?
2, 5, 17, 28111
List the prime factors of 49792470.
2, 3, 5, 7, 13, 23, 61
What are the prime factors of 231359195?
5, 1319, 35081
List the prime factors of 61632250.
2, 5, 29, 8501
What are the prime factors of 218188520?
2, 5, 11, 79, 6277
List the prime fac